3 a multiple of 18?
False
Is 14 a factor of 8255?
False
Does 6 divide 6336?
True
Is 55200 a multiple of 80?
True
Does 13 divide 613?
False
Is 18 a factor of 1386?
True
Is 19 a factor of 14725?
True
Does 23 divide 6145?
False
Is 36 a factor of 6480?
True
Does 86 divide 1130?
False
Does 54 divide 2754?
True
Does 27 divide 459?
True
Is 1848 a multiple of 22?
True
Is 22 a factor of 1036?
False
Does 4 divide 8816?
True
Is 1053 a multiple of 39?
True
Is 1455 a multiple of 5?
True
Is 842 a multiple of 16?
False
Is 12684 a multiple of 21?
True
Is 713 a multiple of 73?
False
Is 2 a factor of 123?
False
Is 4553 a multiple of 6?
False
Is 3692 a multiple of 52?
True
Is 53 a factor of 602?
False
Does 7 divide 224?
True
Does 10 divide 160?
True
Is 72459 a multiple of 249?
True
Does 299 divide 11362?
True
Is 24 a factor of 408?
True
Does 11 divide 49236?
True
Is 296 a multiple of 10?
False
Is 333 a multiple of 28?
False
Is 81 a factor of 4779?
True
Is 1004 a multiple of 9?
False
Is 6 a factor of 3410?
False
Does 218 divide 117066?
True
Is 224 a multiple of 7?
True
Does 11 divide 3190?
True
Is 83 a factor of 18402?
False
Does 89 divide 5686?
False
Is 1188 a multiple of 33?
True
Is 13 a factor of 7659?
False
Does 4 divide 24?
True
Does 3 divide 117?
True
Is 1287 a multiple of 39?
True
Is 4369 a multiple of 22?
False
Does 17 divide 105315?
True
Is 83 even?
False
Does 24 divide 6072?
True
Is 43 a factor of 10008?
False
Does 21 divide 400?
False
Is 186 a multiple of 3?
True
Is 29 a factor of 4100?
False
Does 15 divide 3266?
False
Is 3 a factor of 6?
True
Does 23 divide 18684?
False
Is 21 a factor of 882?
True
Is 5125 a multiple of 41?
True
Does 54 divide 1078?
False
Is 224 a multiple of 7?
True
Is 7 a factor of 1402?
False
Does 12 divide 3951?
False
Is 1068 a multiple of 52?
False
Is 9 a factor of 2535?
False
Is 71 a multiple of 5?
False
Is 44733 a multiple of 111?
True
Does 17 divide 2652?
True
Does 7 divide 32578?
True
Does 8 divide 2716?
False
Does 33 divide 8777?
False
Does 6 divide 372?
True
Is 486 a multiple of 78?
False
Is 12 a factor of 828?
True
Is 7 a factor of 140?
True
Is 4 a factor of 83?
False
Is 39 a factor of 14859?
True
Is 892 a multiple of 48?
False
Is 11 a factor of 40997?
True
Is 1539 a multiple of 32?
False
Is 125 a multiple of 6?
False
Does 34 divide 6596?
True
Is 931 a multiple of 19?
True
Is 89 a factor of 430?
False
Does 16 divide 56?
False
Is 30 a factor of 2455?
False
Is 735 a multiple of 49?
True
Does 26 divide 34276?
False
Is 3828 a multiple of 11?
True
Does 104 divide 2600?
True
Is 111 a factor of 10878?
True
Does 71 divide 6319?
True
Is 220 a multiple of 55?
True
Is 7268 a multiple of 158?
True
Is 7848 a multiple of 15?
False
Is 19 a factor of 19636?
False
Does 61 divide 22776?
False
Is 32 a multiple of 2?
True
Does 3 divide 300?
True
Does 120 divide 98280?
True
Does 10 divide 775?
False
Is 57915 a multiple of 117?
True
Is 3 a factor of 1736?
False
Is 4387 a multiple of 20?
False
Does 5 divide 875?
True
Is 11010 a multiple of 91?
False
Is 59482 a multiple of 166?
False
Is 85 even?
False
Is 312 a multiple of 3?
True
Is 150 a factor of 6300?
True
Does 33 divide 2627?
False
Is 25 a factor of 1555?
False
Does 18 divide 37514?
False
Is 1200 a multiple of 20?
True
Is 4 a factor of 9232?
True
Does 26 divide 533?
False
Does 116 divide 3248?
True
Is 93 a factor of 1188?
False
Is 17 a factor of 484?
False
Is 39058 a multiple of 6?
False
Is 25 a factor of 10250?
True
Does 53 divide 7053?
False
Does 8 divide 972?
False
Is 812 a multiple of 28?
True
Does 56 divide 3360?
True
Is 249 a factor of 85158?
True
Is 3 a factor of 2073?
True
Is 89 a factor of 2791?
False
Is 233 a factor of 41026?
False
Is 11 a factor of 165?
True
Does 6 divide 5230?
False
Is 7868 a multiple of 4?
True
Is 39 a factor of 13377?
True
Is 23120 a multiple of 10?
True
Is 2639 a multiple of 4?
False
Is 21 a factor of 1029?
True
Is 80837 a multiple of 10?
False
Does 8 divide 10760?
True
Does 32 divide 19331?
False
Is 3549 a multiple of 13?
True
Is 115 a factor of 4110?
False
Does 148 divide 97532?
True
Is 32 a factor of 3685?
False
Is 136 a factor of 5943?
False
Does 44 divide 12539?
False
Is 3142 a multiple of 11?
False
Does 24 divide 43169?
False
Is 3 a factor of 39?
True
Is 31 a factor of 403?
True
Does 21 divide 567?
True
Does 216 divide 63720?
True
Is 3 a factor of 145?
False
Does 25 divide 1975?
True
Does 20 divide 1520?
True
Does 37 divide 8473?
True
Is 95 even?
False
Does 13 divide 3809?
True
Does 10 divide 28290?
True
Is 121 a factor of 9196?
True
Is 65 a factor of 11467?
False
Is 100 a multiple of 7?
False
Does 54 divide 1780?
False
Does 18 divide 576?
True
Does 26 divide 34681?
False
Is 486 a multiple of 18?
True
Is 60 a multiple of 12?
True
Is 54625 a multiple of 6?
False
Is 15 a factor of 540?
True
Is 16236 a multiple of 99?
True
Does 14 divide 182?
True
Does 15 divide 17201?
False
Is 9 a factor of 706?
False
Is 140 a multiple of 35?
True
Does 12 divide 1068?
True
Is 6742 a multiple of 20?
False
Is 12 a factor of 1634?
False
Is 12 a factor of 7095?
False
Is 98 a multiple of 16?
False
Is 21282 a multiple of 21?
False
Does 62 divide 964?
False
Is 76 a factor of 40736?
True
Is 1863 a multiple of 15?
False
Is 2199 a multiple of 11?
False
Is 7 a factor of 559?
False
Is 313 even?
False
Is 21 a factor of 336?
True
Is 28965 a multiple of 41?
False
Is 2034 a multiple of 3?
True
Is 90 a factor of 5712?
False
Does 31 divide 589?
True
Is 10 a factor of 9099?
False
Is 91 a factor of 17017?
True
Does 3 divide 22862?
False
Does 138 divide 1687?
False
Is 15632 a multiple of 15?
False
Does 15 divide 1410?
True
Is 12 a factor of 1500?
True
Does 182 divide 24728?
False
Is 21 a factor of 35?
False
Is 28824 a multiple of 24?
True
Does 27 divide 280?
False
Does 6 divide 168?
True
Is 23560 a multiple of 31?
True
Is 6 a factor of 6930?
True
Is 3672 a multiple of 72?
True
Does 29 divide 116?
True
Does 63 divide 1134?
True
Is 495 a multiple of 33?
True
Does 82 divide 73362?
False
Is 9752 a multiple of 50?
False
Is 19 a factor of 37650?
False
Is 318 a factor of 84740?
False
Does 8 divide 9582?
False
Is 5679 a multiple of 12?
False
Is 5120 a multiple of 64?
True
Is 62 a factor of 8556?
True
Is 628 a multiple of 25?
False
Does 36 divide 3528?
True
Is 55113 a multiple of 21?
False
Is 516 even?
True
Does 13 divide 2015?
True
Does 19 divide 3002?
True
Is 42 a factor of 579?
False
Is 95 a factor of 431?
False
Is 977 a multiple of 8?
False
Is 9114 a multiple of 21?
True
Does 113 divide 7691?
False
Is 1749 a multiple of 80?
False
Does 4 divide 101?
False
Is 28868 a multiple of 14?
True
Is 8 a factor of 192?
True
Does 68 divide 1360?
True
Does 66 divide 921?
False
Is 92 a factor of 1380?
True
Is 781 a multiple of 71?
True
Is 6 a factor of 8624?
False
Is 640 a multiple of 23?
False
Is 24 a factor of 8174?
False
Does 5 divide 667?
False
Is 204 a multiple of 17?
True
Is 1104 a multiple of 12?
True
Is 16 a factor of 31095?
False
Is 31 a factor of 247?
False
Is 13 a factor of 44830?
False
Is 26 a factor of 1146?
False
Does 32 divide 357?
False
Does 2 divide 1687?
False
Is 9864 a multiple of 36?
True
Is 2136 a multiple of 12?
True
Is 35288 a multiple of 22?
True
Is 19434 a multiple of 6?
True
Is 16 a factor of 480?
True
Does 12 divide 5040?
True
Is 728 a multiple of 14?
True
Is 3 a factor of 2816?
False
Is 1177 a multiple of 11?
True
Is 8346 a multiple of 13?
True
Is 29 a factor of 405?
False
Does 6 divide 468?
True
Is 1026 a multiple of 38?
True
Does 77 divide 1038?
False
Is 7 a factor of 65432?
False
Is 1460 a multiple of 4?
True
Does 146 divide 3650?
True
Is 22 a factor of 10362?
True
Is 1471 a multiple of 55?
False
Is 13521 a multiple of 80?
False
Is 20498 a multiple of 74?
True
Does 6 divide 394?
False
Is 18083 a multiple of 8?
False
Is 1909 a multiple of 37?
False
Is 10 a factor of 203?
False
Does 14 divide 638?
False
Is 93 a factor of 48639?
True
Does 127 divide 7165?
False
Does 228 divide 12084?
True
Is 48 a factor of 14976?
True
Does 17 divide 1277?
False
Does 5 divide 14051?
False
Is 13998 a multiple of 48?
False
Is 62 a factor of 62?
True
Is 28 a factor of 483?
False
Is 2826 a multiple of 157?
True
Is 4 a factor of 96?
True
Is 281 a multiple of 17?
False
Is 10557 a multiple of 17?
True
Does 